?
False
Is 21 a factor of 205?
False
Is 5590 a multiple of 5?
True
Is 121 a multiple of 24?
False
Is 11 a factor of 14685?
True
Is 268 a factor of 106443?
False
Is 15930 a multiple of 27?
True
Is 67488 a multiple of 304?
True
Is 181 a multiple of 8?
False
Is 3 a factor of 394?
False
Is 651 a multiple of 13?
False
Does 55 divide 36465?
True
Does 32 divide 1649?
False
Does 25 divide 1675?
True
Does 7 divide 11506?
False
Does 35 divide 995?
False
Does 18 divide 36?
True
Does 15 divide 2775?
True
Is 9 a factor of 1986?
False
Is 36 a factor of 13392?
True
Is 21096 a multiple of 18?
True
Does 19 divide 4202?
False
Is 44 a factor of 792?
True
Is 82 a factor of 5600?
False
Is 10635 a multiple of 220?
False
Is 13 a factor of 3211?
True
Is 33 a factor of 20097?
True
Is 104 a factor of 1572?
False
Is 105 a multiple of 24?
False
Does 17 divide 476?
True
Does 7 divide 504?
True
Is 176 a factor of 75848?
False
Is 27 a factor of 8009?
False
Is 38 a factor of 781?
False
Is 25 a factor of 14541?
False
Does 103 divide 162650?
False
Is 17 a factor of 1086?
False
Is 801 a multiple of 5?
False
Does 47 divide 3063?
False
Is 70 a factor of 1321?
False
Does 184 divide 5081?
False
Is 21 a factor of 2163?
True
Is 8 a factor of 20304?
True
Is 41 a factor of 729?
False
Is 27 a factor of 243?
True
Is 37515 a multiple of 10?
False
Does 26 divide 338?
True
Is 6 a factor of 6954?
True
Is 45952 a multiple of 8?
True
Is 16 a factor of 384?
True
Is 401 a multiple of 7?
False
Is 2001 a multiple of 23?
True
Is 404 a multiple of 2?
True
Does 116 divide 1276?
True
Does 13 divide 1116?
False
Is 26 a factor of 208?
True
Is 5 a factor of 6948?
False
Does 69 divide 1173?
True
Is 7320 a multiple of 12?
True
Is 2 a factor of 1281?
False
Is 4 a factor of 96?
True
Is 120 a multiple of 24?
True
Is 169 a factor of 7605?
True
Is 3528 a multiple of 22?
False
Does 20 divide 32238?
False
Does 12 divide 377?
False
Is 19 a factor of 10721?
False
Is 67404 a multiple of 82?
True
Is 64 a factor of 9984?
True
Is 64 a factor of 1070?
False
Does 8 divide 304?
True
Does 22 divide 30008?
True
Is 2 a factor of 43?
False
Does 32 divide 2112?
True
Does 10 divide 1297?
False
Does 8 divide 23096?
True
Is 93 a factor of 42569?
False
Is 72 a multiple of 3?
True
Is 4254 a multiple of 33?
False
Is 22 a factor of 477?
False
Is 30 a factor of 4020?
True
Does 11 divide 3179?
True
Does 8 divide 232?
True
Is 17 a factor of 305?
False
Does 130 divide 3326?
False
Is 1462 a multiple of 34?
True
Is 93 a factor of 10564?
False
Is 13 a factor of 46104?
False
Is 5185 a multiple of 25?
False
Is 5 a factor of 6115?
True
Does 12 divide 2034?
False
Does 6 divide 114?
True
Does 41 divide 3895?
True
Is 7753 a multiple of 4?
False
Is 21527 a multiple of 45?
False
Is 25 a multiple of 2?
False
Does 4 divide 4020?
True
Is 582 a multiple of 6?
True
Does 31 divide 683?
False
Is 464 a multiple of 58?
True
Is 17400 a multiple of 58?
True
Is 234 a multiple of 2?
True
Is 3325 a multiple of 25?
True
Does 36 divide 396?
True
Is 19 a factor of 5206?
True
Does 33 divide 865?
False
Does 30 divide 1958?
False
Does 123 divide 14908?
False
Does 14 divide 44841?
False
Is 55 a factor of 1236?
False
Is 7067 a multiple of 37?
True
Does 13 divide 243?
False
Does 113 divide 3164?
True
Is 13 a factor of 10256?
False
Is 26 a factor of 12870?
True
Is 3573 even?
False
Is 27 a factor of 567?
True
Is 162 a factor of 40897?
False
Is 440 a multiple of 24?
False
Is 1479 a multiple of 87?
True
Is 11 a factor of 646?
False
Does 6 divide 29178?
True
Is 13 a factor of 2743?
True
Is 38 a factor of 39571?
False
Is 39 even?
False
Is 10 a factor of 673?
False
Is 1417 a multiple of 48?
False
Does 2 divide 281?
False
Is 20 a factor of 7490?
False
Is 7622 a multiple of 74?
True
Does 62 divide 1652?
False
Is 7200 a multiple of 36?
True
Does 54 divide 811?
False
Is 91 a factor of 58877?
True
Does 7 divide 895?
False
Does 3 divide 285?
True
Does 42 divide 715?
False
Does 44 divide 872?
False
Does 23 divide 30820?
True
Is 18694 a multiple of 26?
True
Does 19 divide 1919?
True
Does 44 divide 23848?
True
Is 10049 a multiple of 13?
True
Does 16 divide 5717?
False
Is 912 a multiple of 24?
True
Is 80 a multiple of 10?
True
Is 41 a factor of 659?
False
Does 45 divide 1913?
False
Does 12 divide 663?
False
Is 13380 a multiple of 15?
True
Does 52 divide 37908?
True
Does 10 divide 1190?
True
Is 444 a multiple of 14?
False
Does 12 divide 2484?
True
Is 38 a factor of 80236?
False
Is 8 a factor of 255?
False
Is 754 a multiple of 58?
True
Is 15 a factor of 5085?
True
Is 2480 a multiple of 8?
True
Is 35 a factor of 19457?
False
Does 3 divide 252?
True
Is 41116 a multiple of 12?
False
Does 22 divide 3146?
True
Is 246 a factor of 13530?
True
Does 74 divide 1136?
False
Is 16 a factor of 6790?
False
Does 4 divide 4503?
False
Is 186 a factor of 21716?
False
Does 39 divide 15601?
False
Is 18612 a multiple of 33?
True
Is 4 a factor of 4716?
True
Does 16 divide 1058?
False
Is 27 a multiple of 9?
True
Does 52 divide 3016?
True
Is 272 a factor of 20128?
True
Is 127515 a multiple of 114?
False
Is 6 a factor of 10132?
False
Is 87 a factor of 107?
False
Is 8 a factor of 72?
True
Is 38 a factor of 1738?
False
Is 820 a multiple of 10?
True
Is 1405 a multiple of 12?
False
Is 5904 a multiple of 164?
True
Does 81 divide 91503?
False
Does 11 divide 2618?
True
Is 19 a factor of 2033?
True
Is 315 a multiple of 24?
False
Is 10 a factor of 2810?
True
Does 66 divide 6270?
True
Is 60774 a multiple of 155?
False
Is 222 a factor of 78588?
True
Is 10 a factor of 1060?
True
Is 54 a factor of 42756?
False
Is 69 a factor of 73740?
False
Is 16 a factor of 45637?
False
Is 25055 a multiple of 42?
False
Is 545 a multiple of 5?
True
Is 6420 a multiple of 107?
True
Does 53 divide 689?
True
Is 3424 a multiple of 8?
True
Is 15 a factor of 181?
False
Does 58 divide 406?
True
Is 5 a factor of 5810?
True
Does 9 divide 659?
False
Is 3358 a multiple of 78?
False
Is 16500 a multiple of 75?
True
Is 16302 a multiple of 5?
False
Is 1408 a multiple of 64?
True
Does 60 divide 78?
False
Is 11003 a multiple of 42?
False
Is 291 a multiple of 2?
False
Is 5590 a multiple of 86?
True
Does 24 divide 467?
False
Is 3 a factor of 1113?
True
Is 24476 a multiple of 15?
False
Is 1672 a multiple of 34?
False
Is 7 a factor of 1425?
False
Does 8 divide 432?
True
Is 2203 a multiple of 2?
False
Does 56 divide 9744?
True
Does 11 divide 15466?
True
Is 6298 a multiple of 191?
False
Is 7 a factor of 504?
True
Is 216 a factor of 41059?
False
Does 31 divide 1736?
True
Is 42171 a multiple of 171?
False
Is 5029 a multiple of 76?
False
Is 17 a factor of 1061?
False
Does 21 divide 12201?
True
Does 4 divide 266?
False
Does 101 divide 27371?
True
Does 44 divide 504?
False
Is 16 a factor of 187?
False
Does 26 divide 13000?
True
Is 21 a factor of 24519?
False
Does 43 divide 10922?
True
Is 20778 a multiple of 92?
False
Does 25 divide 32065?
False
Is 9 a factor of 45?
True
Does 64 divide 1472?
True
Does 231 divide 23269?
False
Is 4 a factor of 10037?
False
Is 11 a factor of 26532?
True
Does 13 divide 34712?
False
Does 16 divide 769?
False
Is 22117 a multiple of 14?
False
Is 4060 a multiple of 35?
True
Does 103 divide 4750?
False
Is 1022 a multiple of 14?
True
Is 14 a factor of 1204?
True
Does 2 divide 412?
True
Is 10389 a multiple of 17?
False
Is 11 a factor of 352?
True
Is 35014 a multiple of 41?
True
Is 561 a multiple of 17?
True
Does 21 divide 2235?
False
Is 167 a multiple of 61?
False
Does 15 divide 60?
True
Is 2 a factor of 2975?
False
Is 25 a factor of 1946?
False
Is 317 a multiple of 2?
False
Is 25319 a multiple of 178?
False
Does 21 divide 954?
False
Is 6 a factor of 635?
False
Is 23370 a multiple of 30?
True
Is 918 a multiple of 11?
False
Is 1556 a multiple of 8?
False
Is 254 a factor of 108458?
True
Does 5 divide 6263?
False
Is 3696 a multiple of 48?
True
Is 5408 a multiple of 5?
False
Is 53 a factor of 18391?
True
Is 42 a factor of 20680?
False
Is 39 a multiple of 17?
False
Does 4 divide 255?
False
Is 182 a multiple of 57?
False
Does 81 divide 46899?
True
Is 2 a factor of 169?
False
Is 3704 a multiple of 11?
False
Is 63 a factor of 819?
True
Is 26614 a multiple of 14?
True
Is 471 a multiple of 2?
False
Is 29 a factor of 464?
True
Does 14 divide 1123?
False
Doe